-1 - 0) + (-184 - -97) + 153
74
84 + (12 - 9) + (-1 - 6) + 9 + 0
89
(25 + -33 - -9) + -6 + 17 + -62
-50
What is 0 + 14 + (-95 - (-16 + -68)) + (25 - 2)?
26
Evaluate -349 - -295 - (-59 - -3).
2
What is (3 - 5) + -4 + (-16 - -31) + -30?
-21
3 - ((51 - (8 + (-20 - -9) - 0)) + -8)
-43
3841 + -3820 - (1 - -11)
9
-12 + (20 - 4) - -4 - (-3 + 3 + -3)
11
What is 19 - (-30 - -62 - -5)?
-18
Calculate 2 - 4 - -1 - (120 - -19 - (-66 - -67)).
-139
Calculate -30 - -30 - (-88 - 2) - (171 + -161).
80
Calculate 58 + 40 + -108 + 15.
5
Evaluate -12 + 9 + -82 + 31.
-54
What is the value of (24 - 13 - -210) + -129?
92
What is the value of (-86 + -1 - (-206 + 199)) + 21 + 4?
-55
What is (5 - (-46 + 16)) + (20 - 9) + -1?
45
What is -30501 + 30341 + (39 - 0)?
-121
What is the value of -12 + (-14 - (-44 + 15)) + -30 + 4 + 1?
-22
Evaluate 3 + (2 - -1) + -2 + -105 + 234 + -73.
60
What is the value of (73 - 97) + 9 + 9 + -8?
-14
Evaluate (7 - ((-31 - -15) + 19 + 6)) + 33.
31
Calculate -23 + 18 + 0 + -1 + 30 + -6 + 0.
18
What is (-12 - -13) + (5 + -9 + 8 - 5) + -107?
-107
(-12 - -16 - 42) + (-5 - 2) - (-2 + 4)
-47
What is the value of (-6 + -10 - (2 + -38)) + 21?
41
What is the value of (-52 - 1) + (19 - 128 - -89)?
-73
Evaluate -81 - -72 - (-2 - -16).
-23
Calculate (-47 - -52 - 107) + (-23 - 0).
-125
What is the value of 12 + -50 + 25 + 13 + 1 + -1 + 75?
75
(-28 - 13) + (-29 - -98)
28
What is the value of -22 + 36 + (-15 - (9 + -8)) - 15?
-17
Evaluate (3 - 2 - 2) + -94 + -1 + (-3070 - -3058).
-108
Calculate (0 - (-6 + 3) - -45) + -18.
30
Calculate 13 - (13 - 1 - (16 + 5 - 16)).
6
What is -3 - ((-27 - -18 - -39) + 33)?
-66
What is -31 + (16 - 48 - -16 - -21)?
-26
(-48 - (33 - 72)) + -28
-37
Calculate 35 - 34 - (11 - (16 - 8 - 10)) - -86.
74
What is the value of (21 + -49 + (-7 - -32) - (108 + 2)) + 2?
-111
-86 + 92 - (1 + 10 - (-16 - 1))
-22
What is the value of -32 + (-30 - -29) - -18?
-15
(205 - -1) + -202 + 102
106
What is the value of 29 + (15 - 55) + (-39 - 13)?
-63
What is the value of 28 - (-8 - (-25 + -3))?
8
What is -5 + ((0 - 2) + 43 - (-18 - (-22 + -3)))?
29
21 + -28 - (-66 + (8 - (11 + -9)) + 8)
45
Calculate -1 - 6 - (-1 + 5 + 6 + 12).
-29
Evaluate -62 - (8 + (12 + 2 + -18 - 9) + 12).
-69
(-4 - -7 - 61) + 21
-37
Calculate -98 + 97 + (-15 - -10).
-6
Calculate -45 + -33 - -62 - (4 + -1).
-19
Evaluate -2 + (-38 + 33 - (2 - 79)) - (18 + -20).
72
(125 - -3) + (1 + (-27 - -5) - (-57 - -49))
115
Evaluate (-5 - 37) + 46 + -49.
-45
What is the value of 1 - -39 - (8091 - 8057) - ((3 - 2) + -130)?
135
Calculate -230 + (515 - 282) + (46 + -2 - (3 + -1)).
45
What is the value of (77 - (2 + 28) - (8 + 8)) + 3 + -2?
32
What is -95 - 1 - (-1096 - -1047)?
-47
Calculate -14 - (-16 + (6 - 12) - -6).
2
What is the value of -7 + (-30 - (20 + -101))?
44
What is the value of (259 - 267) + -2 + (2 - 5) - 37?
-50
-18 + -18 + 49 + -19 - (10 - 2)
-14
Calculate 32 + ((0 + 1 - -8) + -1 - (10 + -1)).
31
Evaluate 1 + -2 - 0 - (75 - (-10 - (-42 - -23))).
-67
Calculate (-12 - -7) + 4 + -2 + 5 + 2 + -8.
-4
What is 35 - (28 + 0 - (-218 - -262))?
51
Evaluate -49 + (-35 - -107) - 44.
-21
Evaluate 30 + 14 + -17 + -9.
18
What is -217 + 191 + (114 - (-12 - -8))?
92
(-1 - -1) + 88 + -8 + (-1 - (-9 - -18))
70
What is -2 - (-58 + -3) - (1308 + -1321)?
72
What is the value of -51 - -39 - 28 - -49?
9
(13 - (-4 - -9)) + (37 - (-2 + 19)) + 21
49
93 - (61 - 33) - 53
12
Evaluate 7 - (29 - 16) - (-76 - (-6 + 7)) - -13.
84
What is (9 + 32 - -13) + -73?
-19
What is the value of (3 - (1 + 25)) + (-24 - -17) + 3 + 10?
-17
Calculate (-37 - 23 - -108) + -36.
12
What is the value of (47 - 13) + -59 - 8?
-33
Calculate (39 - 13) + (-33 - -15) - (20 + 0).
-12
What is the value of -20 + 61 + 39 + -24 + 2?
58
Evaluate 66 + (-108 + 54 - -16).
28
8 + (497 + -470 - (-9 - 0))
44
Calculate 71 - (20 + 18) - -21.
54
What is the value of -57 - (-80 - -40) - 11?
-28
Calculate 47 - (-37 + (-2 - -73) + -30).
43
What is -4 - (21 - 54) - -23?
52
What is the value of -12 - (83 - (8 + -8)) - (-180 + 196)?
-111
4 + -20 - (-15 + 4 + 12 + 7)
-24
Calculate 16 + (-79 - ((160 - 146) + -26 + 3)).
-54
What is (44 - 48 - 33) + -14?
-51
-3 + (-3 - 5) + (137 - 131) - 11
-16
-2 - (-43 - (-26 - 19))
-4
Evaluate (-9 - -144) + (-26 + 45 + 11 - 32).
133
-72 - ((1 - -5) + (0 - 23) - (33 + -39))
-61
Calculate 6 + -55 + -1 + -27 + -2 + 11 + 7.
-61
(5 - (-10 - -103)) + -1 - (17 + -10 - 9)
-87
Evaluate (-13 - -40) + 3 + 0 + 20.
50
What is the value of -61 + (-15 - -44) - -50?
18
Calculate -5 + (-20 - (-22 - (3 + -17)) - -24) + 9.
16
(-22 - (54 + -22)) + 46
-8
What is the value of (-14 - 17) + -34 + 51 + 25?
11
Evaluate (-78 - -2) + 1 - (19 + -8 - 16 - -7).
-77
Evaluate (1 - 57) + (-4 + -3 - -19 - 7).
-51
Evaluate -29 + (68 - 38) - -27.
28
What is -64689 + 64758 - (-1 + (9 - 1))?
62
(-22 + (19 - 4) - (0 + 0 + 55)) + -9
-71
78 + (-24 - (-11 + -3 - (50 + -53)))
65
10 - -29 - -9 - 23 - 157 - (-12 + -1)
-119
What is -26 + -24 + 43 + (-2 - -4) + -40?
-45
Evaluate (-8 - 2) + (18 - 8) + -14 + 27.
13
What is (7 + -2 - -2) + (24 - 30) + 8 + -69?
-60
What is the value of (-11 - -15) + (-47 - 3) + (1 - -2)?
-43
Evaluate -39 + 33 + ((-11 - -10) + 80 + 1 - 0).
74
Evaluate 411 + -517 - (-3 + -40).
-63
Calculate (1 + -1 + 3 - 0) + (-195 - -181).
-11
Calculate 53 + (-15 - (10 - -2 - (101 + -91))).
36
What is -233 + 261 - (-16 - (10 - 6))?
48
Calculate -21 + -9 + -29 + 82.
23
What is (-870 - -902) + (1 - -30) + -2?
61
Evaluate -55 - (-230 + 34 + 58).
83
What is (0 - 14) + -1 + 55 + -50 - (-117 + 0)?
107
Evaluate 29 - (64 + -76 + 48).
-7
Evaluate 1 - 2 - (4 - 5) - (4 + -2 + -17).
15
(-50 - (-12 + (-14 - -12))) + (-3 - 0)
-39
Evaluate -44 - -39 - 58 - (-15 + 1 - 2).
-47
Calculate (-168 - -281) + (-69 - 2).
42
What is 23 + -39 - ((-12 - (101 - 1)) + -8)?
104
-57 - -1 - (273 - 305) - -45
21
What is the value of 17815 + -17865 + 2 + 0 + -24?
-72
(27 - (2 + 1 + -1)) + (-132 - (-455 - -335))
13
-46 + 33 + 26 + -22
-9
Calculate -76 + 69 - (3 + -2 + 0 - (-45 + 3)).
-50
0 + 1344 + -1297 + 13 + 0 + -1
59
Evaluate -45 + 23 + (55 - 75).
-42
What is -72 + 4 - (-13 + 0 + 23 + 2)?
-80
Calculate 34 - -15 - (-279 + 280).
48
What is -8 - (-104 - (-6 + -21 + 21 + -15))?
75
58 + (-90 - (0 - -12))
-44
(-15 - -1) + 10 - ((-1 - -5) + -3 - 8)
3
What is 98 - (0 + 1 - 2 - (274 + (-185 - 89)))?
99
Evaluate 1 + 57 - ((34 - (6 + 67)) + 28).
69
Evaluate (4 - -62) + -42 - (-9 + 1 + -1).
33
What is 1 - (-7 + 4) - ((39 - -25) + -27)?
-33
Evaluate 527 + -533 + 68 + (-1 - -4).
65
What is the value of (307 - 251) + -15 + -3 + -12?
26
Calculate 26 - (52 + (-34 - (21 - 30))).
-1
Calculate 47 + 11 - (2 + 104).
-48
-1 + 24 - (61 + -5)
-33
Evaluate -51 + 66 + -46 + 42.
11
What is the value of -36 - -7 - (-31 + (44 - 29))?
-13
Calculate 3 + -23 - (213 - 188).
-45
Calculate (-26 - (41 + -59)) + -6.
-14
What is -5 - 0 - (87 - 85)?
-7
What is the value of 43 + -24 + -90 - (-2 + 4) - -2?
-71
Evaluate -70 - -111 - (-3 - -5 - -13).
26
(28 - -1) + (-103 - (-47 - 34)) + (1 - 1)
7
Evaluate -11 + ((12 - 29) + 7 - (-4 + 4) - 14).
-35
What is the value of -5 + (1 - (-73 - -36))?
33
Calculate (23 - (19 + 2)) + (0 - -37 - (30 + -33)).
42
Evaluate 6 + -9 + 14 + -3 + -22 + -12 + -13.
-39
What is (25 - (23 + (8 + 2 - 16))) + 100?
108
Evaluate (-44 - -2 - -11) + 11.
-20
Calculate (-1 - (-5 + -12 + (2 - -29))) + -13.
-28
What is the value of 17 + 24 + -3 + 34?
72
30 + -26 + 11 + 2 + -63
-46
10 - 0 - (-12 - 2 - -26 - (31 + -1))
28
What is the value of 0 + 32 + -68 + 57 + 1 + 0?
22
Evaluate -45 + 49 - (2 - (-4 - 2)) - -55.
51
1349 - 1269 - (-6 + (-5 - -11) + -3)
83
What is the value of (1 - 2 - -2) + 8 + (64 - (-60 - -59))?
74
Evaluate (13 - 66) + (20 - 11 - (-4 + (9 - 5))).
-44
Calculate (7467 - 7490) + (-1 - 0 - -23) + -140.
-141
150 + -146 + 19 - (0 - 67)
90
Evaluate -47 - (-62 + 3) - 28.
-16
What is 12 + 2 + (22 + 16 - 20)?
32
What is the value of -109 + (-71 - -164) + -48?
-64
What is the value of -1 + 24 + (-1769 - -1788)?
42
Calculate 71 + -62 - ((2 - 2) + -7).
16
What is 58 + (-6 + -2 + 7 - (3 + -14) - 4)?
64
17 + -28 + -17 + (36 - 13)
-5
Calculate (-29 - 44 - 40) + 78.
-35
Evaluate 0 - -1 - (-150 + 120 - (-3 - 8)).
20
What is 72 - ((-33 - -12) + 67 + -16)?
42
What is 33 + -27 + (-11 - (9 - 96)) + -4 + -3?
75
Evaluate 70 + (